[INFO] fetching crate dsrs 0.6.1...
[INFO] checking dsrs-0.6.1 against master#9610dfe5a9a731ced1ea4923ecbd0c57fe367898 for beta-170-4
[INFO] extracting crate dsrs 0.6.1 into /workspace/builds/worker-3-tc1/source
[INFO] validating manifest of crates.io crate dsrs 0.6.1 on toolchain 9610dfe5a9a731ced1ea4923ecbd0c57fe367898
[INFO] running `Command { std: CARGO_HOME="/workspace/cargo-home" RUSTUP_HOME="/workspace/rustup-home" "/workspace/cargo-home/bin/cargo" "+9610dfe5a9a731ced1ea4923ecbd0c57fe367898" "metadata" "--manifest-path" "Cargo.toml" "--no-deps", kill_on_drop: false }`
[INFO] started tweaking crates.io crate dsrs 0.6.1
[INFO] finished tweaking crates.io crate dsrs 0.6.1
[INFO] tweaked toml for crates.io crate dsrs 0.6.1 written to /workspace/builds/worker-3-tc1/source/Cargo.toml
[INFO] crate crates.io crate dsrs 0.6.1 already has a lockfile, it will not be regenerated
[INFO] running `Command { std: CARGO_HOME="/workspace/cargo-home" RUSTUP_HOME="/workspace/rustup-home" "/workspace/cargo-home/bin/cargo" "+9610dfe5a9a731ced1ea4923ecbd0c57fe367898" "fetch" "--manifest-path" "Cargo.toml", kill_on_drop: false }`
[INFO] [stderr]     Updating crates.io index
[INFO] [stderr]  Downloading crates ...
[INFO] [stderr]   Downloaded structopt-derive v0.4.16
[INFO] [stderr]   Downloaded wasm-bindgen v0.2.76
[INFO] [stderr]   Downloaded wasm-bindgen-shared v0.2.76
[INFO] [stderr]   Downloaded assert_cmd v1.0.8
[INFO] [stderr]   Downloaded cc v1.0.70
[INFO] [stderr]   Downloaded predicates v2.0.2
[INFO] [stderr]   Downloaded twox-hash v1.6.1
[INFO] [stderr]   Downloaded amadeus-streaming v0.4.3
[INFO] [stderr]   Downloaded rustversion v1.0.5
[INFO] [stderr]   Downloaded serde_closure v0.3.2
[INFO] [stderr]   Downloaded serde_closure_derive v0.3.2
[INFO] [stderr]   Downloaded libc v0.2.101
[INFO] [stderr]   Downloaded cxx-build v1.0.54
[INFO] [stderr]   Downloaded proptest v1.0.0
[INFO] [stderr]   Downloaded rusty-fork v0.3.0
[INFO] [stderr]   Downloaded byte-slice-cast v1.0.0
[INFO] [stderr]   Downloaded siphasher v0.3.7
[INFO] [stderr]   Downloaded probably v0.3.1
[INFO] [stderr]   Downloaded thin-dst v1.1.0
[INFO] [stderr]   Downloaded bytecount v0.6.2
[INFO] [stderr]   Downloaded structopt v0.3.23
[INFO] [stderr]   Downloaded memoffset v0.6.4
[INFO] [stderr]   Downloaded cxxbridge-flags v1.0.54
[INFO] [stderr]   Downloaded cxxbridge-macro v1.0.54
[INFO] [stderr]   Downloaded link-cplusplus v1.0.5
[INFO] [stderr]   Downloaded cxx v1.0.54
[INFO] [stderr]   Downloaded wasm-bindgen-backend v0.2.76
[INFO] [stderr]   Downloaded wasm-bindgen-macro v0.2.76
[INFO] [stderr]   Downloaded half v1.7.1
[INFO] [stderr]   Downloaded scratch v1.0.0
[INFO] [stderr]   Downloaded probabilistic-collections v0.7.0
[INFO] [stderr]   Downloaded js-sys v0.3.53
[INFO] [stderr]   Downloaded web-sys v0.3.53
[INFO] [stderr]   Downloaded bit-vec v0.4.4
[INFO] [stderr]   Downloaded wasm-bindgen-macro-support v0.2.76
[INFO] [stderr]   Downloaded hyperloglogplus v0.4.0
[INFO] running `Command { std: "docker" "create" "-v" "/var/lib/crater-agent-workspace/builds/worker-3-tc1/target:/opt/rustwide/target:rw,Z" "-v" "/var/lib/crater-agent-workspace/builds/worker-3-tc1/source:/opt/rustwide/workdir:ro,Z" "-v" "/var/lib/crater-agent-workspace/cargo-home:/opt/rustwide/cargo-home:ro,Z" "-v" "/var/lib/crater-agent-workspace/rustup-home:/opt/rustwide/rustup-home:ro,Z" "-e" "SOURCE_DIR=/opt/rustwide/workdir" "-e" "CARGO_TARGET_DIR=/opt/rustwide/target" "-e" "CARGO_HOME=/opt/rustwide/cargo-home" "-e" "RUSTUP_HOME=/opt/rustwide/rustup-home" "-w" "/opt/rustwide/workdir" "-m" "1610612736" "--user" "0:0" "--network" "none" "ghcr.io/rust-lang/crates-build-env/linux@sha256:5ff2268d62e97bff2cde7d5815dd6ed5b47097566f13b8d0ca110b04b60e07ed" "/opt/rustwide/cargo-home/bin/cargo" "+9610dfe5a9a731ced1ea4923ecbd0c57fe367898" "metadata" "--no-deps" "--format-version=1", kill_on_drop: false }`
[INFO] [stdout] 41d9b034eb16f88244da038d33be9b0a6b71bffeb75666dd9f56ceb454742b35
[INFO] running `Command { std: "docker" "start" "-a" "41d9b034eb16f88244da038d33be9b0a6b71bffeb75666dd9f56ceb454742b35", kill_on_drop: false }`
[INFO] running `Command { std: "docker" "inspect" "41d9b034eb16f88244da038d33be9b0a6b71bffeb75666dd9f56ceb454742b35", kill_on_drop: false }`
[INFO] running `Command { std: "docker" "rm" "-f" "41d9b034eb16f88244da038d33be9b0a6b71bffeb75666dd9f56ceb454742b35", kill_on_drop: false }`
[INFO] [stdout] 41d9b034eb16f88244da038d33be9b0a6b71bffeb75666dd9f56ceb454742b35
[INFO] running `Command { std: "docker" "create" "-v" "/var/lib/crater-agent-workspace/builds/worker-3-tc1/target:/opt/rustwide/target:rw,Z" "-v" "/var/lib/crater-agent-workspace/builds/worker-3-tc1/source:/opt/rustwide/workdir:ro,Z" "-v" "/var/lib/crater-agent-workspace/cargo-home:/opt/rustwide/cargo-home:ro,Z" "-v" "/var/lib/crater-agent-workspace/rustup-home:/opt/rustwide/rustup-home:ro,Z" "-e" "SOURCE_DIR=/opt/rustwide/workdir" "-e" "CARGO_TARGET_DIR=/opt/rustwide/target" "-e" "CARGO_INCREMENTAL=0" "-e" "RUST_BACKTRACE=full" "-e" "RUSTFLAGS=--cap-lints=forbid" "-e" "RUSTDOCFLAGS=--cap-lints=forbid" "-e" "CARGO_HOME=/opt/rustwide/cargo-home" "-e" "RUSTUP_HOME=/opt/rustwide/rustup-home" "-w" "/opt/rustwide/workdir" "-m" "1610612736" "--user" "0:0" "--network" "none" "ghcr.io/rust-lang/crates-build-env/linux@sha256:5ff2268d62e97bff2cde7d5815dd6ed5b47097566f13b8d0ca110b04b60e07ed" "/opt/rustwide/cargo-home/bin/cargo" "+9610dfe5a9a731ced1ea4923ecbd0c57fe367898" "check" "--frozen" "--all" "--all-targets" "--message-format=json", kill_on_drop: false }`
[INFO] [stdout] 6e672b1574d676fd248b91329480f0784e95c9f9b721b479fe63b2b9a3f5e448
[INFO] running `Command { std: "docker" "start" "-a" "6e672b1574d676fd248b91329480f0784e95c9f9b721b479fe63b2b9a3f5e448", kill_on_drop: false }`
[INFO] [stderr]    Compiling proc-macro2 v1.0.29
[INFO] [stderr]    Compiling libc v0.2.101
[INFO] [stderr]    Compiling unicode-xid v0.2.2
[INFO] [stderr]    Compiling syn v1.0.76
[INFO] [stderr]     Checking cfg-if v1.0.0
[INFO] [stderr]    Compiling serde_derive v1.0.130
[INFO] [stderr]    Compiling serde v1.0.130
[INFO] [stderr]    Compiling autocfg v1.0.1
[INFO] [stderr]     Checking lazy_static v1.4.0
[INFO] [stderr]    Compiling cc v1.0.70
[INFO] [stderr]     Checking ppv-lite86 v0.2.10
[INFO] [stderr]    Compiling getrandom v0.1.16
[INFO] [stderr]    Compiling version_check v0.9.3
[INFO] [stderr]    Compiling memchr v2.4.1
[INFO] [stderr]    Compiling rustversion v1.0.5
[INFO] [stderr]    Compiling semver v1.0.4
[INFO] [stderr]    Compiling crossbeam-utils v0.8.5
[INFO] [stderr]    Compiling scratch v1.0.0
[INFO] [stderr]     Checking bitflags v1.3.2
[INFO] [stderr]    Compiling crossbeam-epoch v0.9.5
[INFO] [stderr]     Checking regex-automata v0.1.10
[INFO] [stderr]    Compiling ryu v1.0.5
[INFO] [stderr]     Checking either v1.6.1
[INFO] [stderr]     Checking unicode-width v0.1.8
[INFO] [stderr]    Compiling proc-macro-error-attr v1.0.4
[INFO] [stderr]    Compiling proc-macro-error v1.0.4
[INFO] [stderr]    Compiling memoffset v0.6.4
[INFO] [stderr]    Compiling num-traits v0.2.14
[INFO] [stderr]    Compiling cxxbridge-flags v1.0.54
[INFO] [stderr]    Compiling termcolor v1.1.2
[INFO] [stderr]     Checking textwrap v0.11.0
[INFO] [stderr]     Checking strsim v0.8.0
[INFO] [stderr]    Compiling unicode-segmentation v1.8.0
[INFO] [stderr]    Compiling rayon-core v1.9.1
[INFO] [stderr]    Compiling rustc_version v0.4.0
[INFO] [stderr]    Compiling codespan-reporting v0.11.1
[INFO] [stderr]     Checking ansi_term v0.11.0
[INFO] [stderr]     Checking scopeguard v1.1.0
[INFO] [stderr]     Checking vec_map v0.8.2
[INFO] [stderr]     Checking itertools v0.10.1
[INFO] [stderr]    Compiling serde_json v1.0.67
[INFO] [stderr]     Checking itoa v0.4.8
[INFO] [stderr]     Checking crossbeam-channel v0.5.1
[INFO] [stderr]    Compiling quote v1.0.9
[INFO] [stderr]    Compiling rayon v1.5.1
[INFO] [stderr]    Compiling heck v0.3.3
[INFO] [stderr]     Checking regex-syntax v0.6.25
[INFO] [stderr]     Checking getrandom v0.2.3
[INFO] [stderr]     Checking atty v0.2.14
[INFO] [stderr]     Checking clap v2.33.3
[INFO] [stderr]     Checking rand_core v0.6.3
[INFO] [stderr]    Compiling cast v0.2.7
[INFO] [stderr]     Checking rand_core v0.5.1
[INFO] [stderr]     Checking crossbeam-deque v0.8.1
[INFO] [stderr]     Checking wait-timeout v0.2.0
[INFO] [stderr]     Checking num_cpus v1.13.0
[INFO] [stderr]     Checking rand_chacha v0.3.1
[INFO] [stderr]    Compiling link-cplusplus v1.0.5
[INFO] [stderr]    Compiling cxx v1.0.54
[INFO] [stderr]     Checking rand_chacha v0.2.2
[INFO] [stderr]     Checking rand_pcg v0.2.1
[INFO] [stderr]     Checking fnv v1.0.7
[INFO] [stderr]    Compiling serde_closure v0.3.2
[INFO] [stderr]     Checking remove_dir_all v0.5.3
[INFO] [stderr]     Checking plotters-backend v0.3.2
[INFO] [stderr]    Compiling doc-comment v0.3.3
[INFO] [stderr]     Checking predicates-core v1.0.2
[INFO] [stderr]     Checking byteorder v1.4.3
[INFO] [stderr]     Checking rand v0.8.4
[INFO] [stderr]     Checking rand v0.7.3
[INFO] [stderr]    Compiling amadeus-streaming v0.4.3
[INFO] [stderr]     Checking plotters-svg v0.3.1
[INFO] [stderr]     Checking csv-core v0.1.10
[INFO] [stderr]     Checking same-file v1.0.6
[INFO] [stderr]     Checking quick-error v1.2.3
[INFO] [stderr]     Checking bit-vec v0.6.3
[INFO] [stderr]     Checking half v1.7.1
[INFO] [stderr]     Checking siphasher v0.3.7
[INFO] [stderr]     Checking treeline v0.1.0
[INFO] [stderr]     Checking difflib v0.4.0
[INFO] [stderr]     Checking base64 v0.13.0
[INFO] [stderr]     Checking static_assertions v1.1.0
[INFO] [stderr]     Checking thin-dst v1.1.0
[INFO] [stderr]     Checking bit-set v0.5.2
[INFO] [stderr]     Checking predicates-tree v1.0.3
[INFO] [stderr]     Checking walkdir v2.3.2
[INFO] [stderr]     Checking plotters v0.3.1
[INFO] [stderr]     Checking rand_xorshift v0.2.0
[INFO] [stderr]     Checking rand_xorshift v0.3.0
[INFO] [stderr]     Checking oorandom v11.1.3
[INFO] [stderr]     Checking bytecount v0.6.2
[INFO] [stderr]     Checking bit-vec v0.4.4
[INFO] [stderr]     Checking quick-error v2.0.1
[INFO] [stderr]     Checking ordered-float v2.8.0
[INFO] [stderr]     Checking byte-slice-cast v1.0.0
[INFO] [stderr]     Checking criterion-plot v0.4.4
[INFO] [stderr]     Checking predicates v2.0.2
[INFO] [stderr]     Checking tempfile v3.2.0
[INFO] [stderr]     Checking twox-hash v1.6.1
[INFO] [stderr]     Checking rusty-fork v0.3.0
[INFO] [stderr]     Checking regex v1.5.4
[INFO] [stderr]     Checking proptest v1.0.0
[INFO] [stderr]    Compiling cxx-build v1.0.54
[INFO] [stderr]    Compiling structopt-derive v0.4.16
[INFO] [stderr]    Compiling cxxbridge-macro v1.0.54
[INFO] [stderr]    Compiling serde_closure_derive v0.3.2
[INFO] [stderr]     Checking structopt v0.3.23
[INFO] [stderr]    Compiling dsrs v0.6.1 (/opt/rustwide/workdir)
[INFO] [stderr]     Checking bstr v0.2.16
[INFO] [stderr]     Checking bincode v1.3.3
[INFO] [stderr]     Checking serde_cbor v0.11.2
[INFO] [stderr]     Checking probably v0.3.1
[INFO] [stderr]     Checking hyperloglogplus v0.4.0
[INFO] [stdout] error[E0059]: type parameter to bare `std::ops::FnOnce` trait must be a tuple
[INFO] [stdout]    --> /opt/rustwide/cargo-home/registry/src/index.crates.io-6f17d22bba15001f/serde_closure-0.3.2/src/lib.rs:572:6
[INFO] [stdout]     |
[INFO] [stdout] 572 |         T: ops::FnOnce<Args>,
[INFO] [stdout]     |            ^^^^^^^^^^^^^^^^^ the trait `Tuple` is not implemented for `Args`
[INFO] [stdout]     |
[INFO] [stdout] note: required by a bound in `std::ops::FnOnce`
[INFO] [stdout]    --> /rustc/9610dfe5a9a731ced1ea4923ecbd0c57fe367898/library/core/src/ops/function.rs:242:1
[INFO] [stdout] help: consider further restricting type parameter `Args`
[INFO] [stdout]     |
[INFO] [stdout] 572 |         T: ops::FnOnce<Args>, Args: std::marker::Tuple
[INFO] [stdout]     |                             ~~~~~~~~~~~~~~~~~~~~~~~~~~
[INFO] [stdout] 
[INFO] [stdout] 
[INFO] [stdout] error[E0059]: type parameter to bare `std::ops::FnMut` trait must be a tuple
[INFO] [stdout]    --> /opt/rustwide/cargo-home/registry/src/index.crates.io-6f17d22bba15001f/serde_closure-0.3.2/src/lib.rs:606:6
[INFO] [stdout]     |
[INFO] [stdout] 606 |         T: ops::FnMut<Args>,
[INFO] [stdout]     |            ^^^^^^^^^^^^^^^^ the trait `Tuple` is not implemented for `Args`
[INFO] [stdout]     |
[INFO] [stdout] note: required by a bound in `std::ops::FnMut`
[INFO] [stdout]    --> /rustc/9610dfe5a9a731ced1ea4923ecbd0c57fe367898/library/core/src/ops/function.rs:163:1
[INFO] [stdout] help: consider further restricting type parameter `Args`
[INFO] [stdout]     |
[INFO] [stdout] 606 |         T: ops::FnMut<Args>, Args: std::marker::Tuple
[INFO] [stdout]     |                            ~~~~~~~~~~~~~~~~~~~~~~~~~~
[INFO] [stdout] 
[INFO] [stdout] 
[INFO] [stdout] error[E0059]: type parameter to bare `std::ops::Fn` trait must be a tuple
[INFO] [stdout]    --> /opt/rustwide/cargo-home/registry/src/index.crates.io-6f17d22bba15001f/serde_closure-0.3.2/src/lib.rs:638:6
[INFO] [stdout]     |
[INFO] [stdout] 638 |         T: ops::Fn<Args>,
[INFO] [stdout]     |            ^^^^^^^^^^^^^ the trait `Tuple` is not implemented for `Args`
[INFO] [stdout]     |
[INFO] [stdout] note: required by a bound in `std::ops::Fn`
[INFO] [stdout]    --> /rustc/9610dfe5a9a731ced1ea4923ecbd0c57fe367898/library/core/src/ops/function.rs:76:1
[INFO] [stdout] help: consider further restricting type parameter `Args`
[INFO] [stdout]     |
[INFO] [stdout] 638 |         T: ops::Fn<Args>, Args: std::marker::Tuple
[INFO] [stdout]     |                         ~~~~~~~~~~~~~~~~~~~~~~~~~~
[INFO] [stdout] 
[INFO] [stdout] 
[INFO] [stdout] error[E0059]: type parameter to bare `std::ops::FnOnce` trait must be a tuple
[INFO] [stdout]    --> /opt/rustwide/cargo-home/registry/src/index.crates.io-6f17d22bba15001f/serde_closure-0.3.2/src/lib.rs:574:17
[INFO] [stdout]     |
[INFO] [stdout] 574 |         type Output = T::Output;
[INFO] [stdout]     |                       ^^^^^^^^^ the trait `Tuple` is not implemented for `Args`
[INFO] [stdout]     |
[INFO] [stdout] note: required by a bound in `std::ops::FnOnce`
[INFO] [stdout]    --> /rustc/9610dfe5a9a731ced1ea4923ecbd0c57fe367898/library/core/src/ops/function.rs:242:1
[INFO] [stdout] help: consider further restricting type parameter `Args`
[INFO] [stdout]     |
[INFO] [stdout] 572 |         T: ops::FnOnce<Args>, Args: std::marker::Tuple
[INFO] [stdout]     |                             ~~~~~~~~~~~~~~~~~~~~~~~~~~
[INFO] [stdout] 
[INFO] [stdout] 
[INFO] [stdout] error[E0059]: type parameter to bare `std::ops::FnOnce` trait must be a tuple
[INFO] [stdout]    --> /opt/rustwide/cargo-home/registry/src/index.crates.io-6f17d22bba15001f/serde_closure-0.3.2/src/lib.rs:700:13
[INFO] [stdout]     |
[INFO] [stdout] 700 |     impl<F, I> std::ops::FnOnce<I> for FnOnce<F>
[INFO] [stdout]     |                ^^^^^^^^^^^^^^^^^^^ the trait `Tuple` is not implemented for `I`
[INFO] [stdout]     |
[INFO] [stdout] note: required by a bound in `std::ops::FnOnce`
[INFO] [stdout]    --> /rustc/9610dfe5a9a731ced1ea4923ecbd0c57fe367898/library/core/src/ops/function.rs:242:1
[INFO] [stdout] help: consider further restricting type parameter `I`
[INFO] [stdout]     |
[INFO] [stdout] 702 |         F: internal::FnOnce<I>, I: std::marker::Tuple
[INFO] [stdout]     |                               ~~~~~~~~~~~~~~~~~~~~~~~
[INFO] [stdout] 
[INFO] [stdout] 
[INFO] [stdout] error[E0059]: type parameter to bare `std::ops::FnOnce` trait must be a tuple
[INFO] [stdout]    --> /opt/rustwide/cargo-home/registry/src/index.crates.io-6f17d22bba15001f/serde_closure-0.3.2/src/lib.rs:758:13
[INFO] [stdout]     |
[INFO] [stdout] 758 |     impl<F, I> std::ops::FnOnce<I> for FnMut<F>
[INFO] [stdout]     |                ^^^^^^^^^^^^^^^^^^^ the trait `Tuple` is not implemented for `I`
[INFO] [stdout]     |
[INFO] [stdout] note: required by a bound in `std::ops::FnOnce`
[INFO] [stdout]    --> /rustc/9610dfe5a9a731ced1ea4923ecbd0c57fe367898/library/core/src/ops/function.rs:242:1
[INFO] [stdout] help: consider further restricting type parameter `I`
[INFO] [stdout]     |
[INFO] [stdout] 760 |         F: internal::FnOnce<I>, I: std::marker::Tuple
[INFO] [stdout]     |                               ~~~~~~~~~~~~~~~~~~~~~~~
[INFO] [stdout] 
[INFO] [stdout] 
[INFO] [stdout] error[E0059]: type parameter to bare `std::ops::FnMut` trait must be a tuple
[INFO] [stdout]    --> /opt/rustwide/cargo-home/registry/src/index.crates.io-6f17d22bba15001f/serde_closure-0.3.2/src/lib.rs:781:13
[INFO] [stdout]     |
[INFO] [stdout] 781 |     impl<F, I> std::ops::FnMut<I> for FnMut<F>
[INFO] [stdout]     |                ^^^^^^^^^^^^^^^^^^ the trait `Tuple` is not implemented for `I`
[INFO] [stdout]     |
[INFO] [stdout] note: required by a bound in `std::ops::FnMut`
[INFO] [stdout]    --> /rustc/9610dfe5a9a731ced1ea4923ecbd0c57fe367898/library/core/src/ops/function.rs:163:1
[INFO] [stdout] help: consider further restricting type parameter `I`
[INFO] [stdout]     |
[INFO] [stdout] 783 |         F: internal::FnMut<I>, I: std::marker::Tuple
[INFO] [stdout]     |                              ~~~~~~~~~~~~~~~~~~~~~~~
[INFO] [stdout] 
[INFO] [stdout] 
[INFO] [stdout] error[E0059]: type parameter to bare `std::ops::FnOnce` trait must be a tuple
[INFO] [stdout]    --> /opt/rustwide/cargo-home/registry/src/index.crates.io-6f17d22bba15001f/serde_closure-0.3.2/src/lib.rs:836:13
[INFO] [stdout]     |
[INFO] [stdout] 836 |     impl<F, I> std::ops::FnOnce<I> for Fn<F>
[INFO] [stdout]     |                ^^^^^^^^^^^^^^^^^^^ the trait `Tuple` is not implemented for `I`
[INFO] [stdout]     |
[INFO] [stdout] note: required by a bound in `std::ops::FnOnce`
[INFO] [stdout]    --> /rustc/9610dfe5a9a731ced1ea4923ecbd0c57fe367898/library/core/src/ops/function.rs:242:1
[INFO] [stdout] help: consider further restricting type parameter `I`
[INFO] [stdout]     |
[INFO] [stdout] 838 |         F: internal::FnOnce<I>, I: std::marker::Tuple
[INFO] [stdout]     |                               ~~~~~~~~~~~~~~~~~~~~~~~
[INFO] [stdout] 
[INFO] [stdout] 
[INFO] [stdout] error[E0059]: type parameter to bare `std::ops::FnMut` trait must be a tuple
[INFO] [stdout]    --> /opt/rustwide/cargo-home/registry/src/index.crates.io-6f17d22bba15001f/serde_closure-0.3.2/src/lib.rs:859:13
[INFO] [stdout]     |
[INFO] [stdout] 859 |     impl<F, I> std::ops::FnMut<I> for Fn<F>
[INFO] [stdout]     |                ^^^^^^^^^^^^^^^^^^ the trait `Tuple` is not implemented for `I`
[INFO] [stdout]     |
[INFO] [stdout] note: required by a bound in `std::ops::FnMut`
[INFO] [stdout]    --> /rustc/9610dfe5a9a731ced1ea4923ecbd0c57fe367898/library/core/src/ops/function.rs:163:1
[INFO] [stdout] help: consider further restricting type parameter `I`
[INFO] [stdout]     |
[INFO] [stdout] 861 |         F: internal::FnMut<I>, I: std::marker::Tuple
[INFO] [stdout]     |                              ~~~~~~~~~~~~~~~~~~~~~~~
[INFO] [stdout] 
[INFO] [stdout] 
[INFO] [stdout] error[E0059]: type parameter to bare `std::ops::Fn` trait must be a tuple
[INFO] [stdout]    --> /opt/rustwide/cargo-home/registry/src/index.crates.io-6f17d22bba15001f/serde_closure-0.3.2/src/lib.rs:880:13
[INFO] [stdout]     |
[INFO] [stdout] 880 |     impl<F, I> std::ops::Fn<I> for Fn<F>
[INFO] [stdout]     |                ^^^^^^^^^^^^^^^ the trait `Tuple` is not implemented for `I`
[INFO] [stdout]     |
[INFO] [stdout] note: required by a bound in `std::ops::Fn`
[INFO] [stdout]    --> /rustc/9610dfe5a9a731ced1ea4923ecbd0c57fe367898/library/core/src/ops/function.rs:76:1
[INFO] [stdout] help: consider further restricting type parameter `I`
[INFO] [stdout]     |
[INFO] [stdout] 882 |         F: internal::Fn<I>, I: std::marker::Tuple
[INFO] [stdout]     |                           ~~~~~~~~~~~~~~~~~~~~~~~
[INFO] [stdout] 
[INFO] [stdout] 
[INFO] [stdout] error[E0277]: functions with the "rust-call" ABI must take a single non-self tuple argument
[INFO] [stdout]    --> /opt/rustwide/cargo-home/registry/src/index.crates.io-6f17d22bba15001f/serde_closure-0.3.2/src/lib.rs:707:3
[INFO] [stdout]     |
[INFO] [stdout] 707 |         extern "rust-call" fn call_once(self, args: I) -> Self::Output {
[INFO] [stdout]     |         ^^^^^^^^^^^^^^^^^^^^^^^^^^^^^^^^^^^^^^^^^^^^^^^^^^^^^^^^^^^^^^ the trait `Tuple` is not implemented for `I`
[INFO] [stdout]     |
[INFO] [stdout] help: consider further restricting type parameter `I`
[INFO] [stdout]     |
[INFO] [stdout] 702 |         F: internal::FnOnce<I>, I: std::marker::Tuple
[INFO] [stdout]     |                               ~~~~~~~~~~~~~~~~~~~~~~~
[INFO] [stdout] 
[INFO] [stdout] 
[INFO] [stdout] error[E0277]: functions with the "rust-call" ABI must take a single non-self tuple argument
[INFO] [stdout]    --> /opt/rustwide/cargo-home/registry/src/index.crates.io-6f17d22bba15001f/serde_closure-0.3.2/src/lib.rs:765:3
[INFO] [stdout]     |
[INFO] [stdout] 765 |         extern "rust-call" fn call_once(self, args: I) -> Self::Output {
[INFO] [stdout]     |         ^^^^^^^^^^^^^^^^^^^^^^^^^^^^^^^^^^^^^^^^^^^^^^^^^^^^^^^^^^^^^^ the trait `Tuple` is not implemented for `I`
[INFO] [stdout]     |
[INFO] [stdout] help: consider further restricting type parameter `I`
[INFO] [stdout]     |
[INFO] [stdout] 760 |         F: internal::FnOnce<I>, I: std::marker::Tuple
[INFO] [stdout]     |                               ~~~~~~~~~~~~~~~~~~~~~~~
[INFO] [stdout] 
[INFO] [stdout] 
[INFO] [stdout] error[E0277]: functions with the "rust-call" ABI must take a single non-self tuple argument
[INFO] [stdout]    --> /opt/rustwide/cargo-home/registry/src/index.crates.io-6f17d22bba15001f/serde_closure-0.3.2/src/lib.rs:786:3
[INFO] [stdout]     |
[INFO] [stdout] 786 |         extern "rust-call" fn call_mut(&mut self, args: I) -> Self::Output {
[INFO] [stdout]     |         ^^^^^^^^^^^^^^^^^^^^^^^^^^^^^^^^^^^^^^^^^^^^^^^^^^^^^^^^^^^^^^^^^^ the trait `Tuple` is not implemented for `I`
[INFO] [stdout]     |
[INFO] [stdout] help: consider further restricting type parameter `I`
[INFO] [stdout]     |
[INFO] [stdout] 783 |         F: internal::FnMut<I>, I: std::marker::Tuple
[INFO] [stdout]     |                              ~~~~~~~~~~~~~~~~~~~~~~~
[INFO] [stdout] 
[INFO] [stdout] 
[INFO] [stdout] error[E0277]: functions with the "rust-call" ABI must take a single non-self tuple argument
[INFO] [stdout]    --> /opt/rustwide/cargo-home/registry/src/index.crates.io-6f17d22bba15001f/serde_closure-0.3.2/src/lib.rs:843:3
[INFO] [stdout]     |
[INFO] [stdout] 843 |         extern "rust-call" fn call_once(self, args: I) -> Self::Output {
[INFO] [stdout]     |         ^^^^^^^^^^^^^^^^^^^^^^^^^^^^^^^^^^^^^^^^^^^^^^^^^^^^^^^^^^^^^^ the trait `Tuple` is not implemented for `I`
[INFO] [stdout]     |
[INFO] [stdout] help: consider further restricting type parameter `I`
[INFO] [stdout]     |
[INFO] [stdout] 838 |         F: internal::FnOnce<I>, I: std::marker::Tuple
[INFO] [stdout]     |                               ~~~~~~~~~~~~~~~~~~~~~~~
[INFO] [stdout] 
[INFO] [stdout] 
[INFO] [stdout] error[E0277]: functions with the "rust-call" ABI must take a single non-self tuple argument
[INFO] [stdout]    --> /opt/rustwide/cargo-home/registry/src/index.crates.io-6f17d22bba15001f/serde_closure-0.3.2/src/lib.rs:864:3
[INFO] [stdout]     |
[INFO] [stdout] 864 |         extern "rust-call" fn call_mut(&mut self, args: I) -> Self::Output {
[INFO] [stdout]     |         ^^^^^^^^^^^^^^^^^^^^^^^^^^^^^^^^^^^^^^^^^^^^^^^^^^^^^^^^^^^^^^^^^^ the trait `Tuple` is not implemented for `I`
[INFO] [stdout]     |
[INFO] [stdout] help: consider further restricting type parameter `I`
[INFO] [stdout]     |
[INFO] [stdout] 861 |         F: internal::FnMut<I>, I: std::marker::Tuple
[INFO] [stdout]     |                              ~~~~~~~~~~~~~~~~~~~~~~~
[INFO] [stdout] 
[INFO] [stdout] 
[INFO] [stdout] error[E0277]: functions with the "rust-call" ABI must take a single non-self tuple argument
[INFO] [stdout]    --> /opt/rustwide/cargo-home/registry/src/index.crates.io-6f17d22bba15001f/serde_closure-0.3.2/src/lib.rs:885:3
[INFO] [stdout]     |
[INFO] [stdout] 885 |         extern "rust-call" fn call(&self, args: I) -> Self::Output {
[INFO] [stdout]     |         ^^^^^^^^^^^^^^^^^^^^^^^^^^^^^^^^^^^^^^^^^^^^^^^^^^^^^^^^^^ the trait `Tuple` is not implemented for `I`
[INFO] [stdout]     |
[INFO] [stdout] help: consider further restricting type parameter `I`
[INFO] [stdout]     |
[INFO] [stdout] 882 |         F: internal::Fn<I>, I: std::marker::Tuple
[INFO] [stdout]     |                           ~~~~~~~~~~~~~~~~~~~~~~~
[INFO] [stdout] 
[INFO] [stdout] 
[INFO] [stdout] error: aborting due to 16 previous errors
[INFO] [stdout] 
[INFO] [stdout] 
[INFO] [stdout] Some errors have detailed explanations: E0059, E0277.
[INFO] [stdout] 
[INFO] [stdout] For more information about an error, try `rustc --explain E0059`.
[INFO] [stdout] 
[INFO] [stderr] error: could not compile `serde_closure` (lib) due to 17 previous errors
[INFO] [stderr] warning: build failed, waiting for other jobs to finish...
[INFO] [stderr] warning: In file included from datasketches-cpp/cpc/include/cpc_compressor.hpp:145,
[INFO] [stderr] warning:                  from datasketches-cpp/cpc/include/cpc_sketch.hpp:30,
[INFO] [stderr] warning:                  from datasketches-cpp/cpc.cpp:7:
[INFO] [stderr] warning: datasketches-cpp/cpc/include/cpc_compressor_impl.hpp: In instantiation of 'static uint8_t datasketches::cpc_compressor<A>::determine_pseudo_phase(uint8_t, uint32_t) [with A = std::allocator<unsigned char>; uint8_t = unsigned char; uint32_t = unsigned int]':
[INFO] [stderr] warning: datasketches-cpp/cpc/include/cpc_compressor_impl.hpp:334:56:   required from 'void datasketches::cpc_compressor<A>::uncompress_sliding_flavor(const datasketches::compressed_state<A>&, datasketches::uncompressed_state<A>&, uint8_t, uint32_t) const [with A = std::allocator<unsigned char>; uint8_t = unsigned char; uint32_t = unsigned int]'
[INFO] [stderr] warning: datasketches-cpp/cpc/include/cpc_compressor_impl.hpp:176:7:   required from 'void datasketches::cpc_compressor<A>::uncompress(const datasketches::compressed_state<A>&, datasketches::uncompressed_state<A>&, uint8_t, uint32_t) const [with A = std::allocator<unsigned char>; uint8_t = unsigned char; uint32_t = unsigned int]'
[INFO] [stderr] warning: datasketches-cpp/cpc/include/cpc_sketch_impl.hpp:585:33:   required from 'static datasketches::cpc_sketch_alloc<A> datasketches::cpc_sketch_alloc<A>::deserialize(std::istream&, uint64_t, const A&) [with A = std::allocator<unsigned char>; std::istream = std::basic_istream<char>; uint64_t = long unsigned int]'
[INFO] [stderr] warning: datasketches-cpp/cpc.cpp:20:47:   required from here
[INFO] [stderr] warning: datasketches-cpp/cpc/include/cpc_compressor_impl.hpp:450:15: warning: comparison is always false due to limited range of data type [-Wtype-limits]
[INFO] [stderr] warning:   450 |     if (phase < 0 || phase >= 16) throw std::out_of_range("wrong phase");
[INFO] [stderr] warning:       |         ~~~~~~^~~
[INFO] running `Command { std: "docker" "inspect" "6e672b1574d676fd248b91329480f0784e95c9f9b721b479fe63b2b9a3f5e448", kill_on_drop: false }`
[INFO] running `Command { std: "docker" "rm" "-f" "6e672b1574d676fd248b91329480f0784e95c9f9b721b479fe63b2b9a3f5e448", kill_on_drop: false }`
[INFO] [stdout] 6e672b1574d676fd248b91329480f0784e95c9f9b721b479fe63b2b9a3f5e448
